t is the remainder when 273 is divided by 58?
41
Calculate the remainder when 14781 is divided by 6.
3
What is the remainder when 2068 is divided by 69?
67
What is the remainder when 1539 is divided by 77?
76
What is the remainder when 161 is divided by 27?
26
What is the remainder when 117 is divided by 55?
7
Calculate the remainder when 42389 is divided by 314.
313
Calculate the remainder when 244 is divided by 48.
4
What is the remainder when 2972 is divided by 31?
27
What is the remainder when 1212 is divided by 42?
36
Calculate the remainder when 1403 is divided by 176.
171
Calculate the remainder when 104 is divided by 53.
51
What is the remainder when 1274 is divided by 204?
50
Calculate the remainder when 47 is divided by 8.
7
Calculate the remainder when 3736 is divided by 7.
5
Calculate the remainder when 21 is divided by 4.
1
Calculate the remainder when 94 is divided by 43.
8
What is the remainder when 319 is divided by 74?
23
What is the remainder when 121 is divided by 34?
19
Calculate the remainder when 28 is divided by 18.
10
What is the remainder when 174 is divided by 19?
3
Calculate the remainder when 130 is divided by 31.
6
What is the remainder when 499 is divided by 3?
1
What is the remainder when 1700 is divided by 60?
20
Calculate the remainder when 507 is divided by 16.
11
What is the remainder when 199 is divided by 73?
53
Calculate the remainder when 1967 is divided by 28.
7
Calculate the remainder when 421 is divided by 143.
135
Calculate the remainder when 327 is divided by 47.
45
What is the remainder when 1803 is divided by 129?
126
What is the remainder when 387 is divided by 46?
19
Calculate the remainder when 464 is divided by 19.
8
Calculate the remainder when 80 is divided by 64.
16
Calculate the remainder when 206 is divided by 124.
82
Calculate the remainder when 75 is divided by 55.
20
What is the remainder when 1147 is divided by 33?
25
Calculate the remainder when 1777 is divided by 18.
13
What is the remainder when 161 is divided by 51?
8
Calculate the remainder when 843 is divided by 93.
6
Calculate the remainder when 531 is divided by 89.
86
Calculate the remainder when 112 is divided by 46.
20
What is the remainder when 9056 is divided by 1808?
16
Calculate the remainder when 76 is divided by 41.
35
Calculate the remainder when 10 is divided by 3.
1
Calculate the remainder when 264 is divided by 95.
74
What is the remainder when 156 is divided by 82?
74
Calculate the remainder when 3868 is divided by 90.
88
Calculate the remainder when 509 is divided by 169.
2
Calculate the remainder when 390 is divided by 12.
6
Calculate the remainder when 326 is divided by 295.
31
Calculate the remainder when 121 is divided by 4.
1
What is the remainder when 87 is divided by 5?
2
Calculate the remainder when 1415 is divided by 353.
3
Calculate the remainder when 3519 is divided by 110.
109
What is the remainder when 18921 is divided by 83?
80
What is the remainder when 77 is divided by 22?
11
Calculate the remainder when 6452 is divided by 95.
87
What is the remainder when 94 is divided by 38?
18
What is the remainder when 1423 is divided by 25?
23
What is the remainder when 356 is divided by 15?
11
What is the remainder when 106 is divided by 20?
6
What is the remainder when 969 is divided by 33?
12
What is the remainder when 897 is divided by 53?
49
What is the remainder when 737 is divided by 41?
40
What is the remainder when 809 is divided by 145?
84
Calculate the remainder when 45 is divided by 7.
3
Calculate the remainder when 618 is divided by 23.
20
What is the remainder when 457 is divided by 394?
63
Calculate the remainder when 158 is divided by 34.
22
Calculate the remainder when 3726 is divided by 155.
6
What is the remainder when 68 is divided by 12?
8
Calculate the remainder when 631 is divided by 206.
13
What is the remainder when 67 is divided by 19?
10
What is the remainder when 549 is divided by 8?
5
Calculate the remainder when 1643 is divided by 340.
283
Calculate the remainder when 52 is divided by 4.
0
Calculate the remainder when 873 is divided by 67.
2
What is the remainder when 95 is divided by 14?
11
What is the remainder when 844 is divided by 480?
364
What is the remainder when 50 is divided by 36?
14
What is the remainder when 245 is divided by 50?
45
Calculate the remainder when 250 is divided by 69.
43
Calculate the remainder when 888 is divided by 148.
0
Calculate the remainder when 802 is divided by 90.
82
What is the remainder when 116 is divided by 27?
8
Calculate the remainder when 4572 is divided by 5.
2
Calculate the remainder when 1171 is divided by 6.
1
What is the remainder when 219 is divided by 9?
3
What is the remainder when 569 is divided by 229?
111
What is the remainder when 31 is divided by 20?
11
What is the remainder when 94 is divided by 16?
14
Calculate the remainder when 238 is divided by 222.
16
What is the remainder when 195 is divided by 166?
29
What is the remainder when 174 is divided by 106?
68
Calculate the remainder when 2636 is divided by 63.
53
Calculate the remainder when 1478 is divided by 53.
47
What is the remainder when 4177 is divided by 76?
73
What is the remainder when 2984 is divided by 15?
14
Calculate the remainder when 1608 is divided by 7.
5
What is the remainder when 373 is divided by 25?
23
Calculate the remainder when 118 is divided by 39.
1
Calculate the remainder when 652 is divided by 132.
124
Calculate the remainder when 987 is divided by 43.
41
Calculate the remainder when 485 is divided by 18.
17
What is the remainder when 161 is divided by 4?
1
Calculate the remainder when 739 is divided by 37.
36
What is the remainder when 129 is divided by 29?
13
What is the remainder when 68 is divided by 22?
2
Calculate the remainder when 686 is divided by 43.
41
What is the remainder when 145 is divided by 66?
13
Calculate the remainder when 301 is divided by 19.
16
Calculate the remainder when 450 is divided by 41.
40
Calculate the remainder when 4810 is divided by 56.
50
Calculate the remainder when 333 is divided by 66.
3
Calculate the remainder when 2239 is divided by 22.
17
Calculate the remainder when 255 is divided by 64.
63
Calculate the remainder when 841 is divided by 44.
5
Calculate the remainder when 285 is divided by 77.
54
Calculate the remainder when 118 is divided by 7.
6
What is the remainder when 136 is divided by 41?
13
Calculate the remainder when 600 is divided by 2.
0
Calculate the remainder when 199 is divided by 175.
24
Calculate the remainder when 35 is divided by 5.
0
Calculate the remainder when 685 is divided by 654.
31
What is the remainder when 208 is divided by 71?
66
Calculate the remainder when 1070 is divided by 29.
26
What is the remainder when 257 is divided by 101?
55
What is the remainder when 1133 is divided by 16?
13
Calculate the remainder when 3051 is divided by 1017.
0
What is the remainder when 12989 is divided by 5?
4
Calculate the remainder when 412 is divided by 18.
16
What is the remainder when 38 is divided by 23?
15
Calculate the remainder when 587 is divided by 48.
11
Calculate the remainder when 9740 is divided by 3239.
23
Calculate the remainder when 2385 is divided by 31.
29
Calculate the remainder when 61 is divided by 32.
29
Calculate the remainder when 110 is divided by 32.
14
Calculate the remainder when 13 is divided by 7.
6
What is the remainder when 99 is divided by 17?
14
Calculate the remainder when 3487 is divided by 12.
7
What is the remainder when 527 is divided by 44?
43
Calculate the remainder when 1572 is divided by 45.
42
What is the remainder when 369 is divided by 192?
177
Calculate the remainder when 440 is divided by 34.
32
What is the remainder when 8075 is divided by 55?
45
Calculate the remainder when 154 is divided by 44.
22
What is the remainder when 382 is divided by 14?
4
Calculate the remainder when 51 is divided by 19.
13
What is the remainder when 991 is divided by 245?
11
Calculate the remainder when 284 is divided by 72.
68
What is the remainder when 111 is divided by 4?
3
Calculate the remainder when 1252 is divided by 60.
52
Calculate the remainder when 558 is divided by 40.
38
What is the remainder when 99 is divided by 43?
13
What is the remainder 